is divided by 4.
2
Suppose 100 = 3*s - 5*c - 15, s + 4*c - 10 = 0. What is the remainder when s is divided by (-26)/(-39)*(-612)/(-24)?
13
Suppose -3*f - 7*y + 399 = -4*y, -142 = -f + 2*y. Calculate the remainder when f is divided by 14.
10
Let q(l) = 2*l**2 + 3*l + 5. Let v be q(-2). Suppose x - 3 = v. Calculate the remainder when 504/x - 4/10 is divided by 13.
11
Let j(p) = p**3 - 23*p**2 + 38*p - 27. What is the remainder when j(23) is divided by 37?
33
Suppose t + j + 2 = 0, 2*t - 6*t + 3*j - 1 = 0. Let p = 1 + t. Suppose 0 = -5*i + 10 - p. Calculate the remainder when 5 is divided by i.
1
Let o(a) = -4*a + 1. Let l be o(-3). Let h = -432 - -427. Let t = l + h. Calculate the remainder when 14 is divided by t.
6
Suppose -2*g + 3*u = -523, -792 = -3*g + 11*u - 8*u. Calculate the remainder when g is divided by 34.
31
Let d = 429 + -420. What is the remainder when 150 is divided by d?
6
Calculate the remainder when (-3)/((9/(-4))/(3486/28)) is divided by 24.
22
Let i = -32 + 45. What is the remainder when i is divided by 4?
1
Suppose 395 = -6*m + 11*m. What is the remainder when 26 is divided by (-3)/(54/(-4)) + m/9?
8
Let g be (-3)/7 + 34/14. Suppose g*z = z + 5. Suppose 0 = -4*s - 4, 164 + 59 = z*f - 3*s. What is the remainder when f is divided by 15?
14
Let b = 355 - 288. Calculate the remainder when b is divided by 20.
7
Let g = 512 - 418. What is the remainder when g is divided by 35?
24
Calculate the remainder when 241 is divided by 1 + (-7 - (-4 - 37)).
31
Let h = 26 - 14. Suppose -2*l = 3*z - 132, 10*z - 14*z - 5*l = -169. What is the remainder when z is divided by h?
10
Let o = 19 + -17. Suppose l - 16 = 17. What is the remainder when l is divided by (-18)/(-12) - (-11)/o?
5
Suppose 2*w + 104 = 2*u, -3*w = -19*u + 22*u - 144. What is the remainder when u is divided by 11?
6
Let z(g) = g**3 + 35*g**2 + 29*g - 29. Calculate the remainder when z(-34) is divided by 11.
9
Let v be 20/6 + 4/6. Suppose 0 = -f - f - 4*m + 14, v*m - 59 = -5*f. Let b = 26 - f. Calculate the remainder when b is divided by 3.
2
Suppose -892 = -11*f + 175. What is the remainder when f is divided by 27?
16
Suppose 70*b - 685 = 155. What is the remainder when 69 is divided by b?
9
Let x(y) = 28*y - 80. Calculate the remainder when 98 is divided by x(6).
10
Suppose -80 = -x - 3*x - 4*g, -3*g = x - 30. Suppose 0*s + 4*s - 20 = 0. Suppose s*u - 7*u = -58. Calculate the remainder when u is divided by x.
14
Let o(q) = -2*q + 70. Suppose 64 = 2*x + 2*x. Calculate the remainder when 226 is divided by o(x).
36
Suppose 2*x - 4*d = 7*x - 37, -2*x + 19 = 3*d. Suppose x*v - 4*w - 38 = 2*v, -2*w = 4. Let c = 23 - 17. Calculate the remainder when v is divided by c.
4
Let h(n) = 7*n + 4. Let l = 32 + -29. What is the remainder when h(l) is divided by 3?
1
Let l = -21 + 25. Suppose -2*z = -6*z - l*q + 120, 4*z - 3*q = 92. What is the remainder when z is divided by 10?
6
Suppose -3*l = -n + 8, -2*n + 75*l + 15 = 70*l. What is the remainder when 217 is divided by n?
2
Suppose 24*x - 19*x = -2*q + 103, 4*q - 164 = 4*x. What is the remainder when 64 is divided by q?
20
Let s(a) = -a**3 - 9*a**2 + 12*a - 62. Calculate the remainder when 92 is divided by s(-11).
44
Let v = 72 + -69. Let g(x) = 8*x - 5. What is the remainder when 26 is divided by g(v)?
7
Suppose 3*m = 4*c + 2*m - 9, -18 = -c - 5*m. Let o = 28 + -24. Suppose 2*a = 3*t + 100, -203 = -o*a - 3*t - c. Calculate the remainder when a is divided by 26.
24
Let p(z) = -7*z. Calculate the remainder when p(-7) is divided by 10.
9
Let k(o) = 2*o - 9. Suppose 0 = -b + 2*b - 6. Suppose -5*l = -3*l - 16. Calculate the remainder when l is divided by k(b).
2
Let i(b) = 3*b**2 - b - 12. Calculate the remainder when 49 is divided by i(4).
17
Suppose 5*k - o - 127 = 0, 2*k + 98 = 6*k + o. Let v = 41 + -20. Let l = v - 12. Calculate the remainder when k is divided by l.
7
Let v(a) = -81*a**3 - 4*a**2 - 5*a - 2. What is the remainder when v(-1) is divided by 19?
4
Let x(z) = -z**3 + 9*z**2 - 15*z + 23. Calculate the remainder when 230 is divided by x(7).
6
Suppose -5*k - 305 = -4*w, 0 = 4*w - 41*k + 39*k - 314. What is the remainder when w is divided by 62?
18
Let g(d) = -d**3 + 5*d**2 + 9*d + 3. Let x be g(7). Let l = -22 - x. What is the remainder when 13 is divided by l?
3
Suppose -10*r + 1599 = 3*r. What is the remainder when 141 is divided by r?
18
Let x = -60 + 56. Calculate the remainder when (-228)/(-4) + 1 + x is divided by 11.
10
Let v be (-140)/21*(9/12)/(-1). Suppose -v*m = -m + 2*x - 96, 0 = 3*m - 4*x - 94. Calculate the remainder when 71 is divided by m.
19
Let j be 34/10 + (-15)/(-25). Suppose 5*a - 3*o = 59 + 169, 49 = a - j*o. Let t = -112 - -128. Calculate the remainder when a is divided by t.
13
Let t(r) = 2*r**2 - 11*r + 10. Suppose -4*s - 8 = -5*o, -5*s + 3*o = -2*o + 10. Calculate the remainder when t(7) is divided by (s - -22)/2 + 1.
9
Let a(o) be the first derivative of 35*o**3/3 - o**2 - o - 1. Let g be a(-1). Suppose 4*x + g = 96. What is the remainder when 28 is divided by x?
13
Calculate the remainder when (-3)/(1987/398 + 225/(-45)) is divided by 40.
38
What is the remainder when 305 is divided by (44/3)/(120/180)?
19
Suppose 4*m + 87 = -5*n + 218, -2*n = 2*m - 54. What is the remainder when 126 is divided by n?
11
Suppose -4*c + 13 = -7. Let h(g) = 8*g**2 - 3*g**2 - 2 - 4*g**2 - 4*g. Calculate the remainder when 7 is divided by h(c).
1
Let a(b) = b**2 - 5*b + 3. Let l be a(8). Suppose -2*r - 2*g = -l - 21, -g = -5*r + 102. Let q = -8 + r. Calculate the remainder when q is divided by 4.
1
Let c = 6 - 3. Let x(y) = -12*y**2 + 77*y - 8. What is the remainder when x(6) is divided by (-2)/c + (-52)/(-6)?
6
Suppose 0 = -5*p + 15, 0 = -a - 3*a + 2*p + 206. Let g = 24 - a. Let q = -15 - g. Calculate the remainder when 53 is divided by q.
11
Suppose -207 = 30*h - 39*h. What is the remainder when 136 is divided by h?
21
Let i be ((-4)/(-8))/(2/12). Suppose 15 - i = 4*t. Suppose a - 396 = -t*a. What is the remainder when a is divided by 34?
31
Let b be (0 + 3/(-6))*-6. Let u = 107 + -38. Suppose 27 + u = b*x. Calculate the remainder when x is divided by 11.
10
Let a(x) = 3*x**3 - 19*x**2 + 11*x - 12. Calculate the remainder when a(6) is divided by 12.
6
Calculate the remainder when (-11 - -116 - -7) + 5 is divided by 6.
3
Let m(k) = 0 - k - 3 + 0*k - 4*k. Let w be m(-13). Let j = w + -40. Calculate the remainder when j is divided by 6.
4
Let g = 515 - 467. Calculate the remainder when g is divided by 30.
18
Suppose 0 = -m + 4*k - 4, -33*k = -4*m - 36*k + 60. What is the remainder when 91 is divided by m?
7
What is the remainder when (-2535)/130*1/(3/(-10)) is divided by 15?
5
Suppose -4*l + 3*l + 3*v = -195, -2*v + 585 = 3*l. Calculate the remainder when l is divided by 7.
6
Let w be 0 + (-2 + 8)/3. What is the remainder when -2 + (-1)/(w/(-30)) is divided by 8?
5
Let n(c) = -c**3 + 22*c**2 + 49*c + 27. What is the remainder when 188 is divided by n(24)?
35
Let x = 2663 + -2638. Suppose -5*m + 11 = 2*o, 3*m - 16 = -4*o - m. Calculate the remainder when x is divided by o.
1
Let y(w) = w**2 - 6*w + 5. Let l be y(5). Suppose -10*h - 5*h + 990 = 0. Suppose -a = -l*a - h. Calculate the remainder when a is divided by 23.
20
Suppose 50*o = 73*o - 69. Suppose 9*b - 4*b = 15. Calculate the remainder when o is divided by b.
0
Let x = 7 + 6. Let s = x - 16. Calculate the remainder when s*39/(3/(-1)) is divided by 11.
6
Suppose 0 = 2*s + 3*m - 43, 0 = -3*s + 2*m + 3*m + 36. Calculate the remainder when -5*(-9)/((-45)/(-184)) is divided by s.
14
Suppose -l + 4*x = -33, -x + 2*x + 2 = 0. Calculate the remainder when 213 is divided by l.
13
Let h(n) = -n**3 + 4*n**2 + n - 5. Let k be h(5). Let y = 41 + k. Let s(u) = u**3 - u + 9. What is the remainder when y is divided by s(0)?
7
Let p(y) = y**3 + 15*y**2 + y + 19. What is the remainder when p(-13) is divided by 54?
20
Let o(i) = -i**3 + 24*i**2 + 2*i - 6. What is the remainder when 670 is divided by o(24)?
40
Suppose 97 = 27*l - 92. Calculate the remainder when 369 is divided by l.
5
Suppose -57*w = -76*w + 5111. Calculate the remainder when w is divided by 25.
19
Let t = 33 + 18. Let u = t + -32. What is the remainder when 54 is divided by u?
16
Let m(u) = -7*u**3 - 5*u**2 - 4*u + 9.